0*y + 5*y, -3*p = -4*y + 85. Let d = p - -27. Let j(z) = -52*z + 23. Is j(d) prime?
True
Let a(o) = 208*o + 51*o**2 + 59 - 425*o + 208*o. Is a(8) a composite number?
False
Suppose 0 = -a - 3*s + 8, 2*s = 3*a - 0*s + 9. Let g(y) = y**3 + 2*y**2 - 4*y - 5. Let p be g(-3). Is (1382 - 4)*a/p prime?
False
Suppose 4391 = 2*x - 15215. Let w = x + 1196. Suppose -3*a - 5*i + 6629 = 0, 5*a - i - 3*i - w = 0. Is a prime?
True
Let p(v) = -23*v - 32*v - 46*v + 118*v + 31 - v**3 + 4*v**2. Is p(-10) a composite number?
True
Let i(w) = 3969*w**2 - 4*w + 9. Let d be i(3). Suppose -2*j + 0*l + 2*l + d = 0, -j - l + 17851 = 0. Let t = j - 10486. Is t prime?
True
Let l(f) = 8938*f**2 - 148*f - 669. Is l(-4) composite?
True
Let r = 8920 + -5980. Suppose -g - 3*g - 3*t + r = 0, t = -4. Suppose 7*v = -2*v + g. Is v a prime number?
False
Suppose -40*z + 38*z = -724. Suppose -z - 1223 = -b. Is b a composite number?
True
Let v be 4/2*3/2. Suppose -v*w - 12204 = w. Let y = w + 4490. Is y a prime number?
True
Let m = 376 - 380. Is 62107/3 - m - (-22)/33 prime?
True
Let s(r) = -4*r**2 + 5*r + 6. Let t be s(-19). Let c = t + 703. Let m = -421 - c. Is m a prime number?
True
Suppose 0 = -4*u + 137 + 823. Let c be ((-2)/5)/(1434/u - 6). Suppose 18*m - 2218 = c*m. Is m a composite number?
False
Suppose 0 = 5*w - 5*h - 20, 0*h = 5*h + 15. Suppose 4*v - 24 = -k, 4*v + 4*k - w = 23. Suppose 2*s - v = 0, 2*g + 3*s - 90 - 205 = 0. Is g prime?
False
Let g(y) = 5*y**2 - 322*y + 1007. Is g(-78) a prime number?
True
Let s(i) = -23*i - 9*i**2 - 163 + 31*i**2 + 171. Is s(5) a composite number?
False
Let t be (54/(-4))/(-9)*10/(-3). Let q be -465*((-12)/45)/(t/(-45)). Suppose -q = -2*r - 2*h, 0 = 4*h - 6 + 2. Is r a prime number?
True
Let c(m) = -16*m**3 - 16*m**2 + 12*m - 95. Is c(-13) a composite number?
True
Let u = 87 - -163. Let p = u + 141. Is p a composite number?
True
Let s(g) = 83*g**3 - 16*g**2 + 48*g + 1. Let b be s(5). Suppose 8*i + b = 12*i. Is i prime?
False
Suppose -3*a - 2*y = -1453635, -3*a + 262145 = -5*y - 1191532. Is a a composite number?
True
Suppose 27*z + 1450 = -118*z. Let i(x) be the second derivative of -11*x**3 + 7*x**2/2 - 2*x. Is i(z) composite?
True
Suppose 0 = -4*r + 3*r + 3. Let f be 2*2/(-4) + r. Suppose -f*y + 498 = -172. Is y a composite number?
True
Let v(r) = 94*r + 1. Let t(d) = 189*d + 3. Let z(o) = 4*t(o) - 7*v(o). Let b be z(-6). Let f = b - -1068. Is f prime?
False
Suppose -164 = -4*i - 24. Suppose -6570 = i*r - 40*r. Suppose -5759 = -5*l - r. Is l prime?
False
Let n(y) = -3206*y + 4489. Is n(-14) composite?
True
Let w(h) = h**2 + 4*h + 4. Let q be w(-2). Suppose -5*x + 10*x - 32245 = q. Is x prime?
True
Let f(k) = -2*k + 2*k**3 - 5*k**3 - 2*k**2 + 6*k**3 + 0*k**2. Let b be f(2). Suppose -3*t + b*t - 5229 = 0. Is t prime?
False
Suppose 27*q + 35079 = 572703. Suppose -5*c = -b + 4*b - q, -5*b + 2*c + 33135 = 0. Is b a prime number?
False
Suppose -37*x + 42*x = 35. Suppose -x*p + 345 = -2*p. Let c = p + -30. Is c a composite number?
True
Suppose -45 = -12*u + 15. Suppose -51857 = -18*z + u*z. Is z composite?
False
Suppose -1022174 = -5*g - b, -4*g - 37733 = -3*b - 855457. Is g a prime number?
False
Let z be (-116044)/(-24) + (-13)/78. Suppose -z = 135*u - 136*u. Is u a prime number?
False
Let g = 542 - 395. Is 18585/g - (-4)/7 composite?
False
Suppose -91*a = -95*a + m + 1238822, 4*a + 4*m = 1238852. Is a prime?
True
Let i = -32 + 28. Let a(b) = -b + 5. Let q be a(i). Suppose -5*k + q*k = 76. Is k a prime number?
True
Is (-844009075)/(-3575) - (-12)/22 prime?
True
Suppose 503 = -4*z - 5*j, 5*j = -z - 0*z - 137. Let r = 251 + z. Let p = 270 - r. Is p prime?
False
Suppose 0 = -8*n + 12*n - 164. Let w(t) = t**2 - 10*t + 13 + n*t + t**2 - 3*t**2. Is w(25) composite?
False
Let n(v) = -4*v - 158. Let i be n(-37). Is 15633 + ((-54)/(-135))/(1/i) composite?
False
Suppose 109037*k - 109030*k = 2069851. Is k a composite number?
False
Let a be (3 + 0 - 4) + 1 + -2. Let q = 727 + a. Suppose -q = -4*u - u. Is u a prime number?
False
Let f be (-3)/21*-7 + 1 + 0. Suppose -f*k + 7*k - 20 = 0. Suppose -2*s + 1504 = k*v, -5*s + 1891 = 5*v - 8*s. Is v composite?
True
Let x(l) = -1239*l**2 + 25*l - 11. Let j(i) = -413*i**2 + 8*i - 4. Let g(y) = -7*j(y) + 2*x(y). Is g(1) a prime number?
False
Suppose 83*j = 85*j + 24136. Is (j/(-6))/(11*(-4)/(-66)) prime?
False
Let m be (-832)/(-16) + 2*1. Let p = -49 + m. Suppose -v - p*v + 7494 = 0. Is v composite?
False
Suppose -j - 5*i + 209352 = -10*i, 3*i = -4*j + 837385. Is j composite?
False
Let p(v) be the third derivative of -29*v**6/60 + 2*v**5/15 + 13*v**4/24 + 25*v**3/6 - 8*v**2 + 4. Is p(-6) composite?
False
Let j(c) = -222*c - 68*c + 3 + 544*c. Is j(4) composite?
False
Suppose -15 = 3*h - 4*i, 4*h = -12*i + 8*i - 48. Let l(q) = 83*q**2 - 31*q - 13. Is l(h) a composite number?
True
Suppose -4*q - 5*c + 4218 = 0, 3*c - 6*c = 3*q - 3162. Suppose -6*t - 1155 = -3*t. Let j = t + q. Is j prime?
False
Let l(j) = -82289*j + 192. Is l(-1) a prime number?
False
Let b(r) = -74*r**2 - 5*r + 38*r**2 - 14 + 37*r**2. Let c be b(7). Suppose c = 2*h - 5*h + 987. Is h a prime number?
False
Suppose -2*b - 55 = -3*j + 24, -5*j = -5*b - 125. Let z = 109 + j. Suppose 0 = 2*t - 4 - z. Is t a prime number?
True
Suppose -3*x + 2*a = -5003, -4987 = -3*x + 2*a - 4*a. Let h = 240 + x. Let u = h - 632. Is u composite?
True
Let p(o) = 0 + 20*o + 5*o + 91*o - 8. Let f be p(7). Suppose -y - 4*l = -737, -y + f = l + 61. Is y a prime number?
False
Let m be (-14)/((6 - 12)/30). Suppose -60*h - 67330 = -m*h. Is h prime?
True
Suppose 63*m - 56*m - 4634 = 0. Let t = m - -1469. Let x = 7568 - t. Is x a prime number?
True
Suppose -5*r = -7*r + 97802. Suppose 15*d + 24443 = 2*p + 18*d, -3*d + r = 4*p. Is p prime?
False
Let i be 1 + (-10)/(-6)*(-27)/9. Is (-10 + 12)/(i/(-26582)) a prime number?
True
Suppose -4*r + c - 1627760 + 4075038 = 0, 2*r = -3*c + 1223660. Is r a prime number?
False
Let v(b) be the second derivative of -145*b**3/6 - 55*b**2/2 - b + 28. Is v(-6) a prime number?
False
Suppose 39 = 3*x - 3*n, 13*x - 11*x + 5*n = 5. Let w(s) = s**3 + 5*s**2 - 11*s - 8. Is w(x) a prime number?
False
Let s be ((-3)/5)/(0 - (-3)/(-390)). Suppose -77*u = -s*u + 2701. Is u a composite number?
True
Suppose -2*t + 19*t = -20621. Let x = 366 - t. Is x composite?
False
Suppose -4*h = 8*h - 16452012. Is h a prime number?
True
Suppose -2*v = -6468 - 5954. Suppose 12*y = 79879 - v. Is y composite?
True
Suppose -p - 5 = 0, 5*p + 3773 = 4*t + 4*p. Suppose f + b + 203 - t = 0, 4*b = f - 739. Is f prime?
True
Suppose 72 = 198*t - 194*t. Suppose -3*w + t + 15 = 0. Suppose -53702 = -w*f - 17831. Is f prime?
False
Let p = 1159 - 608. Let o = 679 - 459. Let s = p - o. Is s prime?
True
Let i = -34 + 34. Suppose -4*x + 3*a - 1 = i, 5 = x + 4*a - 3*a. Let b(z) = 49*z**3 + 3. Is b(x) a composite number?
True
Let j(n) = -1742*n + 745. Is j(-6) a prime number?
True
Suppose 16 = -10*g - 24. Let j be (-5 - g)/(-1) + 234. Let p = j - -208. Is p a prime number?
True
Let s be 4/(-4 - 20/(-6)). Is ((-3809)/s - 1) + 15/90 a composite number?
True
Suppose -188*r + 19238696 + 9718380 = 0. Is r composite?
False
Let h(m) = m**2 + 22*m - 2212. Let y be h(0). Let w = 247 - y. Is w prime?
True
Let q = 32963 + -18444. Is q prime?
True
Is 1050/(-50)*(-1119)/9 prime?
False
Suppose 10*r - 5*r = 190. Let m = r + -31. Suppose m*f + 456 = 1219. Is f a composite number?
False
Let f(a) = 8748*a**3 + 26*a**2 - 47*a - 3. Is f(2) a prime number?
True
Suppose -96*w - 186*w = -296866758. Is w a prime number?
True
Suppose 0 = 2*b - 16, -5*o - 817184 + 2051259 = -5*b. Is o prime?
False
Let x = 40 + -49. Let l be (-3*3/x)/(2/190). Let q = 144 - l. Is q prime?
False
Is (-8 - (-173310)/36)*6 prime?
True
Let g(y) = y**2 + 121*y + 125*y + 1 - 247*y. Let l be g(2). Suppose 4*s = 5*b - 33047, -5*b + l*s + 33045 = -2*s. Is b composite?
True
Let w be 4/10*(-10)/(-14)*21. Let l be (-3 - -1)*w/(-6). Let p(c) = 26*c**2 + 12*c - 25. Is p(l) prime?
True
Suppose -2*v + 1983 + 3479 = 0. Let k = v - 1050. Is k composite?
True
Suppose 5*r - 146007 = h, 6*r - 4*h = 4*r + 58410. Let o = r + -4569. Is -3*(o/12)/(-2) prime?
True
Let u(v) be the third derivative of v**6/60 - 7*v**5/60 + 17*v**4/24 + 11*v**3/6 + v**2. Let q be (-7906)